{"id":12193,"date":"2025-12-01T16:30:33","date_gmt":"2025-12-01T19:30:33","guid":{"rendered":"https:\/\/www.alcateiatrekking.com.br\/?post_type=product&#038;p=12193"},"modified":"2026-03-13T10:48:17","modified_gmt":"2026-03-13T13:48:17","slug":"5o-aniversario-alcateia","status":"publish","type":"product","link":"https:\/\/www.alcateiatrekking.com.br\/roteiro\/5o-aniversario-alcateia\/","title":{"rendered":"5\u00ba Anivers\u00e1rio Alcateia"},"content":{"rendered":"<p data-start=\"75\" data-end=\"178\">Dessa vez, nosso anivers\u00e1rio ser\u00e1 na <strong>Serra do Intendente, em Concei\u00e7\u00e3o\u00a0<\/strong><\/p>\n<p data-start=\"75\" data-end=\"178\">Ser\u00e3o dois dias aproveitando cachoeiras e vivendo nossa festa anual. Criamos la\u00e7os com nossos clientes mais antigos, mas voc\u00ea que nunca trilhou com a Alcateia tamb\u00e9m \u00e9 muito bem-vindo, basta vir de cora\u00e7\u00e3o aberto. \u00c9 o \u00fanico roteiro em que levamos duas vans, com a participa\u00e7\u00e3o de todos os guias. No s\u00e1bado \u00e0 noite teremos festa, sorteios, brindes e muita celebra\u00e7\u00e3o&#8230;<\/p>\n<p data-start=\"715\" data-end=\"823\"><em><strong>Roteiro completo no PDF abaixo.<\/strong><\/em><\/p>\n","protected":false},"excerpt":{"rendered":"<p>Festa, cachoeiras, trilhas leves, curti\u00e7\u00e3o entre amigos&#8230;<\/p>\n","protected":false},"featured_media":12197,"template":"","meta":{"_acf_changed":false,"inline_featured_image":false,"_exactmetrics_skip_tracking":false,"_exactmetrics_sitenote_active":false,"_exactmetrics_sitenote_note":"","_exactmetrics_sitenote_category":0},"product_brand":[],"product_cat":[48,63,69],"product_tag":[],"class_list":{"0":"post-12193","1":"product","2":"type-product","3":"status-publish","4":"has-post-thumbnail","6":"product_cat-agenda-completa","7":"product_cat-nivel-dificil","8":"product_cat-tipo-de-roteiro","10":"first","11":"outofstock","12":"taxable","13":"shipping-taxable","14":"purchasable","15":"product-type-variable"},"acf":[],"yoast_head":"<!-- This site is optimized with the Yoast SEO plugin v27.4 - https:\/\/yoast.com\/product\/yoast-seo-wordpress\/ -->\n<title>5\u00ba Anivers\u00e1rio Alcateia &#187; Alcateia Trekking<\/title>\n<meta name=\"description\" content=\"Festa, cachoeiras, trilhas leves, curti\u00e7\u00e3o entre amigos...\" \/>\n<meta name=\"robots\" content=\"index, follow, max-snippet:-1, max-image-preview:large, max-video-preview:-1\" \/>\n<link rel=\"canonical\" href=\"https:\/\/www.alcateiatrekking.com.br\/roteiro\/5o-aniversario-alcateia\/\" \/>\n<meta property=\"og:locale\" content=\"pt_BR\" \/>\n<meta property=\"og:type\" content=\"article\" \/>\n<meta property=\"og:title\" content=\"5\u00ba Anivers\u00e1rio Alcateia &#187; Alcateia Trekking\" \/>\n<meta property=\"og:description\" content=\"Festa, cachoeiras, trilhas leves, curti\u00e7\u00e3o entre amigos...\" \/>\n<meta property=\"og:url\" content=\"https:\/\/www.alcateiatrekking.com.br\/roteiro\/5o-aniversario-alcateia\/\" \/>\n<meta property=\"og:site_name\" content=\"Alcateia Trekking\" \/>\n<meta property=\"article:modified_time\" content=\"2026-03-13T13:48:17+00:00\" \/>\n<meta property=\"og:image\" content=\"https:\/\/www.alcateiatrekking.com.br\/wp-content\/uploads\/2025\/12\/20251027_110833-scaled.jpg\" \/>\n\t<meta property=\"og:image:width\" content=\"1920\" \/>\n\t<meta property=\"og:image:height\" content=\"2560\" \/>\n\t<meta property=\"og:image:type\" content=\"image\/jpeg\" \/>\n<meta name=\"twitter:card\" content=\"summary_large_image\" \/>\n<meta name=\"twitter:label1\" content=\"Est. tempo de leitura\" \/>\n\t<meta name=\"twitter:data1\" content=\"1 minuto\" \/>\n<script type=\"application\/ld+json\" class=\"yoast-schema-graph\">{\"@context\":\"https:\\\/\\\/schema.org\",\"@graph\":[{\"@type\":[\"WebPage\",\"ItemPage\"],\"@id\":\"https:\\\/\\\/www.alcateiatrekking.com.br\\\/roteiro\\\/5o-aniversario-alcateia\\\/\",\"url\":\"https:\\\/\\\/www.alcateiatrekking.com.br\\\/roteiro\\\/5o-aniversario-alcateia\\\/\",\"name\":\"5\u00ba Anivers\u00e1rio Alcateia &#187; Alcateia Trekking\",\"isPartOf\":{\"@id\":\"https:\\\/\\\/www.alcateiatrekking.com.br\\\/#website\"},\"primaryImageOfPage\":{\"@id\":\"https:\\\/\\\/www.alcateiatrekking.com.br\\\/roteiro\\\/5o-aniversario-alcateia\\\/#primaryimage\"},\"image\":{\"@id\":\"https:\\\/\\\/www.alcateiatrekking.com.br\\\/roteiro\\\/5o-aniversario-alcateia\\\/#primaryimage\"},\"thumbnailUrl\":\"https:\\\/\\\/www.alcateiatrekking.com.br\\\/wp-content\\\/uploads\\\/2025\\\/12\\\/20251027_110833-scaled.jpg\",\"datePublished\":\"2025-12-01T19:30:33+00:00\",\"dateModified\":\"2026-03-13T13:48:17+00:00\",\"description\":\"Festa, cachoeiras, trilhas leves, curti\u00e7\u00e3o entre amigos...\",\"breadcrumb\":{\"@id\":\"https:\\\/\\\/www.alcateiatrekking.com.br\\\/roteiro\\\/5o-aniversario-alcateia\\\/#breadcrumb\"},\"inLanguage\":\"pt-BR\",\"potentialAction\":[{\"@type\":\"ReadAction\",\"target\":[\"https:\\\/\\\/www.alcateiatrekking.com.br\\\/roteiro\\\/5o-aniversario-alcateia\\\/\"]}]},{\"@type\":\"ImageObject\",\"inLanguage\":\"pt-BR\",\"@id\":\"https:\\\/\\\/www.alcateiatrekking.com.br\\\/roteiro\\\/5o-aniversario-alcateia\\\/#primaryimage\",\"url\":\"https:\\\/\\\/www.alcateiatrekking.com.br\\\/wp-content\\\/uploads\\\/2025\\\/12\\\/20251027_110833-scaled.jpg\",\"contentUrl\":\"https:\\\/\\\/www.alcateiatrekking.com.br\\\/wp-content\\\/uploads\\\/2025\\\/12\\\/20251027_110833-scaled.jpg\",\"width\":1920,\"height\":2560},{\"@type\":\"BreadcrumbList\",\"@id\":\"https:\\\/\\\/www.alcateiatrekking.com.br\\\/roteiro\\\/5o-aniversario-alcateia\\\/#breadcrumb\",\"itemListElement\":[{\"@type\":\"ListItem\",\"position\":1,\"name\":\"In\u00edcio\",\"item\":\"https:\\\/\\\/www.alcateiatrekking.com.br\\\/\"},{\"@type\":\"ListItem\",\"position\":2,\"name\":\"Roteiros\",\"item\":\"https:\\\/\\\/www.alcateiatrekking.com.br\\\/roteiros\\\/\"},{\"@type\":\"ListItem\",\"position\":3,\"name\":\"5\u00ba Anivers\u00e1rio Alcateia\"}]},{\"@type\":\"WebSite\",\"@id\":\"https:\\\/\\\/www.alcateiatrekking.com.br\\\/#website\",\"url\":\"https:\\\/\\\/www.alcateiatrekking.com.br\\\/\",\"name\":\"Alcateia Trekking\",\"description\":\"Ecoturismo, Trilhas , Cachoeiras em BH \\\/ Minas Gerais\",\"publisher\":{\"@id\":\"https:\\\/\\\/www.alcateiatrekking.com.br\\\/#organization\"},\"alternateName\":\"Alcateia Trekking \\\/ Belo Horizonte\",\"potentialAction\":[{\"@type\":\"SearchAction\",\"target\":{\"@type\":\"EntryPoint\",\"urlTemplate\":\"https:\\\/\\\/www.alcateiatrekking.com.br\\\/?s={search_term_string}\"},\"query-input\":{\"@type\":\"PropertyValueSpecification\",\"valueRequired\":true,\"valueName\":\"search_term_string\"}}],\"inLanguage\":\"pt-BR\"},{\"@type\":\"Organization\",\"@id\":\"https:\\\/\\\/www.alcateiatrekking.com.br\\\/#organization\",\"name\":\"Alcateia Trekking\",\"url\":\"https:\\\/\\\/www.alcateiatrekking.com.br\\\/\",\"logo\":{\"@type\":\"ImageObject\",\"inLanguage\":\"pt-BR\",\"@id\":\"https:\\\/\\\/www.alcateiatrekking.com.br\\\/#\\\/schema\\\/logo\\\/image\\\/\",\"url\":\"https:\\\/\\\/www.alcateiatrekking.com.br\\\/wp-content\\\/uploads\\\/2023\\\/11\\\/logo-alcateia-trekking.svg\",\"contentUrl\":\"https:\\\/\\\/www.alcateiatrekking.com.br\\\/wp-content\\\/uploads\\\/2023\\\/11\\\/logo-alcateia-trekking.svg\",\"width\":623,\"height\":504,\"caption\":\"Alcateia Trekking\"},\"image\":{\"@id\":\"https:\\\/\\\/www.alcateiatrekking.com.br\\\/#\\\/schema\\\/logo\\\/image\\\/\"},\"sameAs\":[\"https:\\\/\\\/www.instagram.com\\\/alcateia_trekking\\\/\"]}]}<\/script>\n<!-- \/ Yoast SEO plugin. -->","yoast_head_json":{"title":"5\u00ba Anivers\u00e1rio Alcateia &#187; Alcateia Trekking","description":"Festa, cachoeiras, trilhas leves, curti\u00e7\u00e3o entre amigos...","robots":{"index":"index","follow":"follow","max-snippet":"max-snippet:-1","max-image-preview":"max-image-preview:large","max-video-preview":"max-video-preview:-1"},"canonical":"https:\/\/www.alcateiatrekking.com.br\/roteiro\/5o-aniversario-alcateia\/","og_locale":"pt_BR","og_type":"article","og_title":"5\u00ba Anivers\u00e1rio Alcateia &#187; Alcateia Trekking","og_description":"Festa, cachoeiras, trilhas leves, curti\u00e7\u00e3o entre amigos...","og_url":"https:\/\/www.alcateiatrekking.com.br\/roteiro\/5o-aniversario-alcateia\/","og_site_name":"Alcateia Trekking","article_modified_time":"2026-03-13T13:48:17+00:00","og_image":[{"width":1920,"height":2560,"url":"https:\/\/www.alcateiatrekking.com.br\/wp-content\/uploads\/2025\/12\/20251027_110833-scaled.jpg","type":"image\/jpeg"}],"twitter_card":"summary_large_image","twitter_misc":{"Est. tempo de leitura":"1 minuto"},"schema":{"@context":"https:\/\/schema.org","@graph":[{"@type":["WebPage","ItemPage"],"@id":"https:\/\/www.alcateiatrekking.com.br\/roteiro\/5o-aniversario-alcateia\/","url":"https:\/\/www.alcateiatrekking.com.br\/roteiro\/5o-aniversario-alcateia\/","name":"5\u00ba Anivers\u00e1rio Alcateia &#187; Alcateia Trekking","isPartOf":{"@id":"https:\/\/www.alcateiatrekking.com.br\/#website"},"primaryImageOfPage":{"@id":"https:\/\/www.alcateiatrekking.com.br\/roteiro\/5o-aniversario-alcateia\/#primaryimage"},"image":{"@id":"https:\/\/www.alcateiatrekking.com.br\/roteiro\/5o-aniversario-alcateia\/#primaryimage"},"thumbnailUrl":"https:\/\/www.alcateiatrekking.com.br\/wp-content\/uploads\/2025\/12\/20251027_110833-scaled.jpg","datePublished":"2025-12-01T19:30:33+00:00","dateModified":"2026-03-13T13:48:17+00:00","description":"Festa, cachoeiras, trilhas leves, curti\u00e7\u00e3o entre amigos...","breadcrumb":{"@id":"https:\/\/www.alcateiatrekking.com.br\/roteiro\/5o-aniversario-alcateia\/#breadcrumb"},"inLanguage":"pt-BR","potentialAction":[{"@type":"ReadAction","target":["https:\/\/www.alcateiatrekking.com.br\/roteiro\/5o-aniversario-alcateia\/"]}]},{"@type":"ImageObject","inLanguage":"pt-BR","@id":"https:\/\/www.alcateiatrekking.com.br\/roteiro\/5o-aniversario-alcateia\/#primaryimage","url":"https:\/\/www.alcateiatrekking.com.br\/wp-content\/uploads\/2025\/12\/20251027_110833-scaled.jpg","contentUrl":"https:\/\/www.alcateiatrekking.com.br\/wp-content\/uploads\/2025\/12\/20251027_110833-scaled.jpg","width":1920,"height":2560},{"@type":"BreadcrumbList","@id":"https:\/\/www.alcateiatrekking.com.br\/roteiro\/5o-aniversario-alcateia\/#breadcrumb","itemListElement":[{"@type":"ListItem","position":1,"name":"In\u00edcio","item":"https:\/\/www.alcateiatrekking.com.br\/"},{"@type":"ListItem","position":2,"name":"Roteiros","item":"https:\/\/www.alcateiatrekking.com.br\/roteiros\/"},{"@type":"ListItem","position":3,"name":"5\u00ba Anivers\u00e1rio Alcateia"}]},{"@type":"WebSite","@id":"https:\/\/www.alcateiatrekking.com.br\/#website","url":"https:\/\/www.alcateiatrekking.com.br\/","name":"Alcateia Trekking","description":"Ecoturismo, Trilhas , Cachoeiras em BH \/ Minas Gerais","publisher":{"@id":"https:\/\/www.alcateiatrekking.com.br\/#organization"},"alternateName":"Alcateia Trekking \/ Belo Horizonte","potentialAction":[{"@type":"SearchAction","target":{"@type":"EntryPoint","urlTemplate":"https:\/\/www.alcateiatrekking.com.br\/?s={search_term_string}"},"query-input":{"@type":"PropertyValueSpecification","valueRequired":true,"valueName":"search_term_string"}}],"inLanguage":"pt-BR"},{"@type":"Organization","@id":"https:\/\/www.alcateiatrekking.com.br\/#organization","name":"Alcateia Trekking","url":"https:\/\/www.alcateiatrekking.com.br\/","logo":{"@type":"ImageObject","inLanguage":"pt-BR","@id":"https:\/\/www.alcateiatrekking.com.br\/#\/schema\/logo\/image\/","url":"https:\/\/www.alcateiatrekking.com.br\/wp-content\/uploads\/2023\/11\/logo-alcateia-trekking.svg","contentUrl":"https:\/\/www.alcateiatrekking.com.br\/wp-content\/uploads\/2023\/11\/logo-alcateia-trekking.svg","width":623,"height":504,"caption":"Alcateia Trekking"},"image":{"@id":"https:\/\/www.alcateiatrekking.com.br\/#\/schema\/logo\/image\/"},"sameAs":["https:\/\/www.instagram.com\/alcateia_trekking\/"]}]}},"_links":{"self":[{"href":"https:\/\/www.alcateiatrekking.com.br\/wp-projeto-api\/wp\/v2\/product\/12193","targetHints":{"allow":["GET"]}}],"collection":[{"href":"https:\/\/www.alcateiatrekking.com.br\/wp-projeto-api\/wp\/v2\/product"}],"about":[{"href":"https:\/\/www.alcateiatrekking.com.br\/wp-projeto-api\/wp\/v2\/types\/product"}],"wp:featuredmedia":[{"embeddable":true,"href":"https:\/\/www.alcateiatrekking.com.br\/wp-projeto-api\/wp\/v2\/media\/12197"}],"wp:attachment":[{"href":"https:\/\/www.alcateiatrekking.com.br\/wp-projeto-api\/wp\/v2\/media?parent=12193"}],"wp:term":[{"taxonomy":"product_brand","embeddable":true,"href":"https:\/\/www.alcateiatrekking.com.br\/wp-projeto-api\/wp\/v2\/product_brand?post=12193"},{"taxonomy":"product_cat","embeddable":true,"href":"https:\/\/www.alcateiatrekking.com.br\/wp-projeto-api\/wp\/v2\/product_cat?post=12193"},{"taxonomy":"product_tag","embeddable":true,"href":"https:\/\/www.alcateiatrekking.com.br\/wp-projeto-api\/wp\/v2\/product_tag?post=12193"}],"curies":[{"name":"wp","href":"https:\/\/api.w.org\/{rel}","templated":true}]}}

5º Aniversário Alcateia

<p data-start="75" data-end="178">Dessa vez, nosso aniversário será na <strong>Serra do Intendente, em Conceição </strong></p>
<p data-start="75" data-end="178">Serão dois dias aproveitando cachoeiras e vivendo nossa festa anual. Criamos laços com nossos clientes mais antigos, mas você que nunca trilhou com a Alcateia também é muito bem-vindo, basta vir de coração aberto. É o único roteiro em que levamos duas vans, com a participação de todos os guias. No sábado à noite teremos festa, sorteios, brindes e muita celebração&#8230;</p>
<p data-start="715" data-end="823"><em><strong>Roteiro completo no PDF abaixo.</strong></em></p>

<p>Festa, cachoeiras, trilhas leves, curtição entre amigos&#8230;</p>

<!-- This site is optimized with the Yoast SEO plugin v27.4 - https://yoast.com/product/yoast-seo-wordpress/ -->
<title>5º Aniversário Alcateia &#187; Alcateia Trekking</title>
<meta name="description" content="Festa, cachoeiras, trilhas leves, curtição entre amigos..." />
<meta name="robots" content="index, follow, max-snippet:-1, max-image-preview:large, max-video-preview:-1" />
<link rel="canonical" href="https://www.alcateiatrekking.com.br/roteiro/5o-aniversario-alcateia/" />
<meta property="og:locale" content="pt_BR" />
<meta property="og:type" content="article" />
<meta property="og:title" content="5º Aniversário Alcateia &#187; Alcateia Trekking" />
<meta property="og:description" content="Festa, cachoeiras, trilhas leves, curtição entre amigos..." />
<meta property="og:url" content="https://www.alcateiatrekking.com.br/roteiro/5o-aniversario-alcateia/" />
<meta property="og:site_name" content="Alcateia Trekking" />
<meta property="article:modified_time" content="2026-03-13T13:48:17+00:00" />
<meta property="og:image" content="https://www.alcateiatrekking.com.br/wp-content/uploads/2025/12/20251027_110833-scaled.jpg" />
	<meta property="og:image:width" content="1920" />
	<meta property="og:image:height" content="2560" />
	<meta property="og:image:type" content="image/jpeg" />
<meta name="twitter:card" content="summary_large_image" />
<meta name="twitter:label1" content="Est. tempo de leitura" />
	<meta name="twitter:data1" content="1 minuto" />
<script type="application/ld+json" class="yoast-schema-graph">{"@context":"https:\/\/schema.org","@graph":[{"@type":["WebPage","ItemPage"],"@id":"https:\/\/www.alcateiatrekking.com.br\/roteiro\/5o-aniversario-alcateia\/","url":"https:\/\/www.alcateiatrekking.com.br\/roteiro\/5o-aniversario-alcateia\/","name":"5º Aniversário Alcateia &#187; Alcateia Trekking","isPartOf":{"@id":"https:\/\/www.alcateiatrekking.com.br\/#website"},"primaryImageOfPage":{"@id":"https:\/\/www.alcateiatrekking.com.br\/roteiro\/5o-aniversario-alcateia\/#primaryimage"},"image":{"@id":"https:\/\/www.alcateiatrekking.com.br\/roteiro\/5o-aniversario-alcateia\/#primaryimage"},"thumbnailUrl":"https:\/\/www.alcateiatrekking.com.br\/wp-content\/uploads\/2025\/12\/20251027_110833-scaled.jpg","datePublished":"2025-12-01T19:30:33+00:00","dateModified":"2026-03-13T13:48:17+00:00","description":"Festa, cachoeiras, trilhas leves, curtição entre amigos...","breadcrumb":{"@id":"https:\/\/www.alcateiatrekking.com.br\/roteiro\/5o-aniversario-alcateia\/#breadcrumb"},"inLanguage":"pt-BR","potentialAction":[{"@type":"ReadAction","target":["https:\/\/www.alcateiatrekking.com.br\/roteiro\/5o-aniversario-alcateia\/"]}]},{"@type":"ImageObject","inLanguage":"pt-BR","@id":"https:\/\/www.alcateiatrekking.com.br\/roteiro\/5o-aniversario-alcateia\/#primaryimage","url":"https:\/\/www.alcateiatrekking.com.br\/wp-content\/uploads\/2025\/12\/20251027_110833-scaled.jpg","contentUrl":"https:\/\/www.alcateiatrekking.com.br\/wp-content\/uploads\/2025\/12\/20251027_110833-scaled.jpg","width":1920,"height":2560},{"@type":"BreadcrumbList","@id":"https:\/\/www.alcateiatrekking.com.br\/roteiro\/5o-aniversario-alcateia\/#breadcrumb","itemListElement":[{"@type":"ListItem","position":1,"name":"Início","item":"https:\/\/www.alcateiatrekking.com.br\/"},{"@type":"ListItem","position":2,"name":"Roteiros","item":"https:\/\/www.alcateiatrekking.com.br\/roteiros\/"},{"@type":"ListItem","position":3,"name":"5º Aniversário Alcateia"}]},{"@type":"WebSite","@id":"https:\/\/www.alcateiatrekking.com.br\/#website","url":"https:\/\/www.alcateiatrekking.com.br\/","name":"Alcateia Trekking","description":"Ecoturismo, Trilhas , Cachoeiras em BH \/ Minas Gerais","publisher":{"@id":"https:\/\/www.alcateiatrekking.com.br\/#organization"},"alternateName":"Alcateia Trekking \/ Belo Horizonte","potentialAction":[{"@type":"SearchAction","target":{"@type":"EntryPoint","urlTemplate":"https:\/\/www.alcateiatrekking.com.br\/?s={search_term_string}"},"query-input":{"@type":"PropertyValueSpecification","valueRequired":true,"valueName":"search_term_string"}}],"inLanguage":"pt-BR"},{"@type":"Organization","@id":"https:\/\/www.alcateiatrekking.com.br\/#organization","name":"Alcateia Trekking","url":"https:\/\/www.alcateiatrekking.com.br\/","logo":{"@type":"ImageObject","inLanguage":"pt-BR","@id":"https:\/\/www.alcateiatrekking.com.br\/#\/schema\/logo\/image\/","url":"https:\/\/www.alcateiatrekking.com.br\/wp-content\/uploads\/2023\/11\/logo-alcateia-trekking.svg","contentUrl":"https:\/\/www.alcateiatrekking.com.br\/wp-content\/uploads\/2023\/11\/logo-alcateia-trekking.svg","width":623,"height":504,"caption":"Alcateia Trekking"},"image":{"@id":"https:\/\/www.alcateiatrekking.com.br\/#\/schema\/logo\/image\/"},"sameAs":["https:\/\/www.instagram.com\/alcateia_trekking\/"]}]}</script>
<!-- / Yoast SEO plugin. -->

5º Aniversário Alcateia &#187; Alcateia Trekking

Festa, cachoeiras, trilhas leves, curtição entre amigos...

Início
