{"id":12151,"date":"2025-11-26T09:55:19","date_gmt":"2025-11-26T12:55:19","guid":{"rendered":"https:\/\/www.alcateiatrekking.com.br\/?post_type=product&#038;p=12151"},"modified":"2026-04-06T11:58:46","modified_gmt":"2026-04-06T14:58:46","slug":"chapada-dos-veadeiros","status":"publish","type":"product","link":"https:\/\/www.alcateiatrekking.com.br\/roteiro\/chapada-dos-veadeiros\/","title":{"rendered":"Chapada dos Veadeiros"},"content":{"rendered":"<p data-start=\"74\" data-end=\"347\">Ser\u00e3o <strong data-start=\"80\" data-end=\"133\">4 dias aproveitando diversos atrativos da Chapada<\/strong>, entre eles o Vale da Lua, as Cataratas dos Couros, a bel\u00edssima Cachoeira Santa B\u00e1rbara, entre outros. No geral, as trilhas variam de <strong data-start=\"268\" data-end=\"288\">f\u00e1cil a moderada<\/strong>, sendo ideal que o viajante tenha um estilo de vida ativo.<\/p>\n<p data-start=\"349\" data-end=\"545\">Estamos dispon\u00edveis no WhatsApp para qualquer d\u00favida.<br data-start=\"457\" data-end=\"460\" \/>O pagamento pode ser <strong data-start=\"481\" data-end=\"544\">parcelado no PIX ou boleto, sem juros, at\u00e9 o m\u00eas do roteiro<\/strong>.<\/p>\n<p data-start=\"825\" data-end=\"888\">\ud83d\udcc4 <strong data-start=\"828\" data-end=\"888\">Roteiro completo com todas as informa\u00e7\u00f5es no PDF abaixo.<\/strong><\/p>\n","protected":false},"excerpt":{"rendered":"<p data-start=\"75\" data-end=\"303\">Uma experi\u00eancia intensa e inesquec\u00edvel: diversas cachoeiras, mirantes impressionantes e contato direto com a natureza. V\u00e1 de cora\u00e7\u00e3o aberto para viver dias incr\u00edveis nesse para\u00edso do cerrado.<\/p>\n","protected":false},"featured_media":12155,"template":"","meta":{"_acf_changed":false,"inline_featured_image":false,"_exactmetrics_skip_tracking":false,"_exactmetrics_sitenote_active":false,"_exactmetrics_sitenote_note":"","_exactmetrics_sitenote_category":0},"product_brand":[],"product_cat":[48,61,70,65,64,69],"product_tag":[],"class_list":{"0":"post-12151","1":"product","2":"type-product","3":"status-publish","4":"has-post-thumbnail","6":"product_cat-agenda-completa","7":"product_cat-desafio","8":"product_cat-expedicao","9":"product_cat-nivel-facil","10":"product_cat-nivel-moderado","11":"product_cat-tipo-de-roteiro","13":"first","14":"outofstock","15":"virtual","16":"purchasable","17":"product-type-simple"},"acf":[],"yoast_head":"<!-- This site is optimized with the Yoast SEO plugin v27.4 - https:\/\/yoast.com\/product\/yoast-seo-wordpress\/ -->\n<title>Chapada dos Veadeiros &#187; Alcateia Trekking<\/title>\n<meta name=\"description\" content=\"Uma experi\u00eancia intensa e inesquec\u00edvel: diversas cachoeiras, mirantes impressionantes e contato direto com a natureza. V\u00e1 de cora\u00e7\u00e3o aberto para viver dias incr\u00edveis nesse para\u00edso do cerrado.\" \/>\n<meta name=\"robots\" content=\"index, follow, max-snippet:-1, max-image-preview:large, max-video-preview:-1\" \/>\n<link rel=\"canonical\" href=\"https:\/\/www.alcateiatrekking.com.br\/roteiro\/chapada-dos-veadeiros\/\" \/>\n<meta property=\"og:locale\" content=\"pt_BR\" \/>\n<meta property=\"og:type\" content=\"article\" \/>\n<meta property=\"og:title\" content=\"Chapada dos Veadeiros &#187; Alcateia Trekking\" \/>\n<meta property=\"og:description\" content=\"Uma experi\u00eancia intensa e inesquec\u00edvel: diversas cachoeiras, mirantes impressionantes e contato direto com a natureza. V\u00e1 de cora\u00e7\u00e3o aberto para viver dias incr\u00edveis nesse para\u00edso do cerrado.\" \/>\n<meta property=\"og:url\" content=\"https:\/\/www.alcateiatrekking.com.br\/roteiro\/chapada-dos-veadeiros\/\" \/>\n<meta property=\"og:site_name\" content=\"Alcateia Trekking\" \/>\n<meta property=\"article:modified_time\" content=\"2026-04-06T14:58:46+00:00\" \/>\n<meta property=\"og:image\" content=\"https:\/\/www.alcateiatrekking.com.br\/wp-content\/uploads\/2025\/11\/IMG_8319.webp\" \/>\n\t<meta property=\"og:image:width\" content=\"685\" \/>\n\t<meta property=\"og:image:height\" content=\"913\" \/>\n\t<meta property=\"og:image:type\" content=\"image\/webp\" \/>\n<meta name=\"twitter:card\" content=\"summary_large_image\" \/>\n<meta name=\"twitter:label1\" content=\"Est. tempo de leitura\" \/>\n\t<meta name=\"twitter:data1\" content=\"1 minuto\" \/>\n<script type=\"application\/ld+json\" class=\"yoast-schema-graph\">{\"@context\":\"https:\\\/\\\/schema.org\",\"@graph\":[{\"@type\":[\"WebPage\",\"ItemPage\"],\"@id\":\"https:\\\/\\\/www.alcateiatrekking.com.br\\\/roteiro\\\/chapada-dos-veadeiros\\\/\",\"url\":\"https:\\\/\\\/www.alcateiatrekking.com.br\\\/roteiro\\\/chapada-dos-veadeiros\\\/\",\"name\":\"Chapada dos Veadeiros &#187; Alcateia Trekking\",\"isPartOf\":{\"@id\":\"https:\\\/\\\/www.alcateiatrekking.com.br\\\/#website\"},\"primaryImageOfPage\":{\"@id\":\"https:\\\/\\\/www.alcateiatrekking.com.br\\\/roteiro\\\/chapada-dos-veadeiros\\\/#primaryimage\"},\"image\":{\"@id\":\"https:\\\/\\\/www.alcateiatrekking.com.br\\\/roteiro\\\/chapada-dos-veadeiros\\\/#primaryimage\"},\"thumbnailUrl\":\"https:\\\/\\\/www.alcateiatrekking.com.br\\\/wp-content\\\/uploads\\\/2025\\\/11\\\/IMG_8319.webp\",\"datePublished\":\"2025-11-26T12:55:19+00:00\",\"dateModified\":\"2026-04-06T14:58:46+00:00\",\"description\":\"Uma experi\u00eancia intensa e inesquec\u00edvel: diversas cachoeiras, mirantes impressionantes e contato direto com a natureza. V\u00e1 de cora\u00e7\u00e3o aberto para viver dias incr\u00edveis nesse para\u00edso do cerrado.\",\"breadcrumb\":{\"@id\":\"https:\\\/\\\/www.alcateiatrekking.com.br\\\/roteiro\\\/chapada-dos-veadeiros\\\/#breadcrumb\"},\"inLanguage\":\"pt-BR\",\"potentialAction\":[{\"@type\":\"ReadAction\",\"target\":[\"https:\\\/\\\/www.alcateiatrekking.com.br\\\/roteiro\\\/chapada-dos-veadeiros\\\/\"]}]},{\"@type\":\"ImageObject\",\"inLanguage\":\"pt-BR\",\"@id\":\"https:\\\/\\\/www.alcateiatrekking.com.br\\\/roteiro\\\/chapada-dos-veadeiros\\\/#primaryimage\",\"url\":\"https:\\\/\\\/www.alcateiatrekking.com.br\\\/wp-content\\\/uploads\\\/2025\\\/11\\\/IMG_8319.webp\",\"contentUrl\":\"https:\\\/\\\/www.alcateiatrekking.com.br\\\/wp-content\\\/uploads\\\/2025\\\/11\\\/IMG_8319.webp\",\"width\":685,\"height\":913},{\"@type\":\"BreadcrumbList\",\"@id\":\"https:\\\/\\\/www.alcateiatrekking.com.br\\\/roteiro\\\/chapada-dos-veadeiros\\\/#breadcrumb\",\"itemListElement\":[{\"@type\":\"ListItem\",\"position\":1,\"name\":\"In\u00edcio\",\"item\":\"https:\\\/\\\/www.alcateiatrekking.com.br\\\/\"},{\"@type\":\"ListItem\",\"position\":2,\"name\":\"Roteiros\",\"item\":\"https:\\\/\\\/www.alcateiatrekking.com.br\\\/roteiros\\\/\"},{\"@type\":\"ListItem\",\"position\":3,\"name\":\"Chapada dos Veadeiros\"}]},{\"@type\":\"WebSite\",\"@id\":\"https:\\\/\\\/www.alcateiatrekking.com.br\\\/#website\",\"url\":\"https:\\\/\\\/www.alcateiatrekking.com.br\\\/\",\"name\":\"Alcateia Trekking\",\"description\":\"Ecoturismo, Trilhas , Cachoeiras em BH \\\/ Minas Gerais\",\"publisher\":{\"@id\":\"https:\\\/\\\/www.alcateiatrekking.com.br\\\/#organization\"},\"alternateName\":\"Alcateia Trekking \\\/ Belo Horizonte\",\"potentialAction\":[{\"@type\":\"SearchAction\",\"target\":{\"@type\":\"EntryPoint\",\"urlTemplate\":\"https:\\\/\\\/www.alcateiatrekking.com.br\\\/?s={search_term_string}\"},\"query-input\":{\"@type\":\"PropertyValueSpecification\",\"valueRequired\":true,\"valueName\":\"search_term_string\"}}],\"inLanguage\":\"pt-BR\"},{\"@type\":\"Organization\",\"@id\":\"https:\\\/\\\/www.alcateiatrekking.com.br\\\/#organization\",\"name\":\"Alcateia Trekking\",\"url\":\"https:\\\/\\\/www.alcateiatrekking.com.br\\\/\",\"logo\":{\"@type\":\"ImageObject\",\"inLanguage\":\"pt-BR\",\"@id\":\"https:\\\/\\\/www.alcateiatrekking.com.br\\\/#\\\/schema\\\/logo\\\/image\\\/\",\"url\":\"https:\\\/\\\/www.alcateiatrekking.com.br\\\/wp-content\\\/uploads\\\/2023\\\/11\\\/logo-alcateia-trekking.svg\",\"contentUrl\":\"https:\\\/\\\/www.alcateiatrekking.com.br\\\/wp-content\\\/uploads\\\/2023\\\/11\\\/logo-alcateia-trekking.svg\",\"width\":623,\"height\":504,\"caption\":\"Alcateia Trekking\"},\"image\":{\"@id\":\"https:\\\/\\\/www.alcateiatrekking.com.br\\\/#\\\/schema\\\/logo\\\/image\\\/\"},\"sameAs\":[\"https:\\\/\\\/www.instagram.com\\\/alcateia_trekking\\\/\"]}]}<\/script>\n<!-- \/ Yoast SEO plugin. -->","yoast_head_json":{"title":"Chapada dos Veadeiros &#187; Alcateia Trekking","description":"Uma experi\u00eancia intensa e inesquec\u00edvel: diversas cachoeiras, mirantes impressionantes e contato direto com a natureza. V\u00e1 de cora\u00e7\u00e3o aberto para viver dias incr\u00edveis nesse para\u00edso do cerrado.","robots":{"index":"index","follow":"follow","max-snippet":"max-snippet:-1","max-image-preview":"max-image-preview:large","max-video-preview":"max-video-preview:-1"},"canonical":"https:\/\/www.alcateiatrekking.com.br\/roteiro\/chapada-dos-veadeiros\/","og_locale":"pt_BR","og_type":"article","og_title":"Chapada dos Veadeiros &#187; Alcateia Trekking","og_description":"Uma experi\u00eancia intensa e inesquec\u00edvel: diversas cachoeiras, mirantes impressionantes e contato direto com a natureza. V\u00e1 de cora\u00e7\u00e3o aberto para viver dias incr\u00edveis nesse para\u00edso do cerrado.","og_url":"https:\/\/www.alcateiatrekking.com.br\/roteiro\/chapada-dos-veadeiros\/","og_site_name":"Alcateia Trekking","article_modified_time":"2026-04-06T14:58:46+00:00","og_image":[{"width":685,"height":913,"url":"https:\/\/www.alcateiatrekking.com.br\/wp-content\/uploads\/2025\/11\/IMG_8319.webp","type":"image\/webp"}],"twitter_card":"summary_large_image","twitter_misc":{"Est. tempo de leitura":"1 minuto"},"schema":{"@context":"https:\/\/schema.org","@graph":[{"@type":["WebPage","ItemPage"],"@id":"https:\/\/www.alcateiatrekking.com.br\/roteiro\/chapada-dos-veadeiros\/","url":"https:\/\/www.alcateiatrekking.com.br\/roteiro\/chapada-dos-veadeiros\/","name":"Chapada dos Veadeiros &#187; Alcateia Trekking","isPartOf":{"@id":"https:\/\/www.alcateiatrekking.com.br\/#website"},"primaryImageOfPage":{"@id":"https:\/\/www.alcateiatrekking.com.br\/roteiro\/chapada-dos-veadeiros\/#primaryimage"},"image":{"@id":"https:\/\/www.alcateiatrekking.com.br\/roteiro\/chapada-dos-veadeiros\/#primaryimage"},"thumbnailUrl":"https:\/\/www.alcateiatrekking.com.br\/wp-content\/uploads\/2025\/11\/IMG_8319.webp","datePublished":"2025-11-26T12:55:19+00:00","dateModified":"2026-04-06T14:58:46+00:00","description":"Uma experi\u00eancia intensa e inesquec\u00edvel: diversas cachoeiras, mirantes impressionantes e contato direto com a natureza. V\u00e1 de cora\u00e7\u00e3o aberto para viver dias incr\u00edveis nesse para\u00edso do cerrado.","breadcrumb":{"@id":"https:\/\/www.alcateiatrekking.com.br\/roteiro\/chapada-dos-veadeiros\/#breadcrumb"},"inLanguage":"pt-BR","potentialAction":[{"@type":"ReadAction","target":["https:\/\/www.alcateiatrekking.com.br\/roteiro\/chapada-dos-veadeiros\/"]}]},{"@type":"ImageObject","inLanguage":"pt-BR","@id":"https:\/\/www.alcateiatrekking.com.br\/roteiro\/chapada-dos-veadeiros\/#primaryimage","url":"https:\/\/www.alcateiatrekking.com.br\/wp-content\/uploads\/2025\/11\/IMG_8319.webp","contentUrl":"https:\/\/www.alcateiatrekking.com.br\/wp-content\/uploads\/2025\/11\/IMG_8319.webp","width":685,"height":913},{"@type":"BreadcrumbList","@id":"https:\/\/www.alcateiatrekking.com.br\/roteiro\/chapada-dos-veadeiros\/#breadcrumb","itemListElement":[{"@type":"ListItem","position":1,"name":"In\u00edcio","item":"https:\/\/www.alcateiatrekking.com.br\/"},{"@type":"ListItem","position":2,"name":"Roteiros","item":"https:\/\/www.alcateiatrekking.com.br\/roteiros\/"},{"@type":"ListItem","position":3,"name":"Chapada dos Veadeiros"}]},{"@type":"WebSite","@id":"https:\/\/www.alcateiatrekking.com.br\/#website","url":"https:\/\/www.alcateiatrekking.com.br\/","name":"Alcateia Trekking","description":"Ecoturismo, Trilhas , Cachoeiras em BH \/ Minas Gerais","publisher":{"@id":"https:\/\/www.alcateiatrekking.com.br\/#organization"},"alternateName":"Alcateia Trekking \/ Belo Horizonte","potentialAction":[{"@type":"SearchAction","target":{"@type":"EntryPoint","urlTemplate":"https:\/\/www.alcateiatrekking.com.br\/?s={search_term_string}"},"query-input":{"@type":"PropertyValueSpecification","valueRequired":true,"valueName":"search_term_string"}}],"inLanguage":"pt-BR"},{"@type":"Organization","@id":"https:\/\/www.alcateiatrekking.com.br\/#organization","name":"Alcateia Trekking","url":"https:\/\/www.alcateiatrekking.com.br\/","logo":{"@type":"ImageObject","inLanguage":"pt-BR","@id":"https:\/\/www.alcateiatrekking.com.br\/#\/schema\/logo\/image\/","url":"https:\/\/www.alcateiatrekking.com.br\/wp-content\/uploads\/2023\/11\/logo-alcateia-trekking.svg","contentUrl":"https:\/\/www.alcateiatrekking.com.br\/wp-content\/uploads\/2023\/11\/logo-alcateia-trekking.svg","width":623,"height":504,"caption":"Alcateia Trekking"},"image":{"@id":"https:\/\/www.alcateiatrekking.com.br\/#\/schema\/logo\/image\/"},"sameAs":["https:\/\/www.instagram.com\/alcateia_trekking\/"]}]}},"_links":{"self":[{"href":"https:\/\/www.alcateiatrekking.com.br\/wp-projeto-api\/wp\/v2\/product\/12151","targetHints":{"allow":["GET"]}}],"collection":[{"href":"https:\/\/www.alcateiatrekking.com.br\/wp-projeto-api\/wp\/v2\/product"}],"about":[{"href":"https:\/\/www.alcateiatrekking.com.br\/wp-projeto-api\/wp\/v2\/types\/product"}],"wp:featuredmedia":[{"embeddable":true,"href":"https:\/\/www.alcateiatrekking.com.br\/wp-projeto-api\/wp\/v2\/media\/12155"}],"wp:attachment":[{"href":"https:\/\/www.alcateiatrekking.com.br\/wp-projeto-api\/wp\/v2\/media?parent=12151"}],"wp:term":[{"taxonomy":"product_brand","embeddable":true,"href":"https:\/\/www.alcateiatrekking.com.br\/wp-projeto-api\/wp\/v2\/product_brand?post=12151"},{"taxonomy":"product_cat","embeddable":true,"href":"https:\/\/www.alcateiatrekking.com.br\/wp-projeto-api\/wp\/v2\/product_cat?post=12151"},{"taxonomy":"product_tag","embeddable":true,"href":"https:\/\/www.alcateiatrekking.com.br\/wp-projeto-api\/wp\/v2\/product_tag?post=12151"}],"curies":[{"name":"wp","href":"https:\/\/api.w.org\/{rel}","templated":true}]}}

<p data-start="74" data-end="347">Serão <strong data-start="80" data-end="133">4 dias aproveitando diversos atrativos da Chapada</strong>, entre eles o Vale da Lua, as Cataratas dos Couros, a belíssima Cachoeira Santa Bárbara, entre outros. No geral, as trilhas variam de <strong data-start="268" data-end="288">fácil a moderada</strong>, sendo ideal que o viajante tenha um estilo de vida ativo.</p>
<p data-start="349" data-end="545">Estamos disponíveis no WhatsApp para qualquer dúvida.<br data-start="457" data-end="460" />O pagamento pode ser <strong data-start="481" data-end="544">parcelado no PIX ou boleto, sem juros, até o mês do roteiro</strong>.</p>
<p data-start="825" data-end="888">📄 <strong data-start="828" data-end="888">Roteiro completo com todas as informações no PDF abaixo.</strong></p>

<p data-start="75" data-end="303">Uma experiência intensa e inesquecível: diversas cachoeiras, mirantes impressionantes e contato direto com a natureza. Vá de coração aberto para viver dias incríveis nesse paraíso do cerrado.</p>

<!-- This site is optimized with the Yoast SEO plugin v27.4 - https://yoast.com/product/yoast-seo-wordpress/ -->
<title>Chapada dos Veadeiros &#187; Alcateia Trekking</title>
<meta name="description" content="Uma experiência intensa e inesquecível: diversas cachoeiras, mirantes impressionantes e contato direto com a natureza. Vá de coração aberto para viver dias incríveis nesse paraíso do cerrado." />
<meta name="robots" content="index, follow, max-snippet:-1, max-image-preview:large, max-video-preview:-1" />
<link rel="canonical" href="https://www.alcateiatrekking.com.br/roteiro/chapada-dos-veadeiros/" />
<meta property="og:locale" content="pt_BR" />
<meta property="og:type" content="article" />
<meta property="og:title" content="Chapada dos Veadeiros &#187; Alcateia Trekking" />
<meta property="og:description" content="Uma experiência intensa e inesquecível: diversas cachoeiras, mirantes impressionantes e contato direto com a natureza. Vá de coração aberto para viver dias incríveis nesse paraíso do cerrado." />
<meta property="og:url" content="https://www.alcateiatrekking.com.br/roteiro/chapada-dos-veadeiros/" />
<meta property="og:site_name" content="Alcateia Trekking" />
<meta property="article:modified_time" content="2026-04-06T14:58:46+00:00" />
<meta property="og:image" content="https://www.alcateiatrekking.com.br/wp-content/uploads/2025/11/IMG_8319.webp" />
	<meta property="og:image:width" content="685" />
	<meta property="og:image:height" content="913" />
	<meta property="og:image:type" content="image/webp" />
<meta name="twitter:card" content="summary_large_image" />
<meta name="twitter:label1" content="Est. tempo de leitura" />
	<meta name="twitter:data1" content="1 minuto" />
<script type="application/ld+json" class="yoast-schema-graph">{"@context":"https:\/\/schema.org","@graph":[{"@type":["WebPage","ItemPage"],"@id":"https:\/\/www.alcateiatrekking.com.br\/roteiro\/chapada-dos-veadeiros\/","url":"https:\/\/www.alcateiatrekking.com.br\/roteiro\/chapada-dos-veadeiros\/","name":"Chapada dos Veadeiros &#187; Alcateia Trekking","isPartOf":{"@id":"https:\/\/www.alcateiatrekking.com.br\/#website"},"primaryImageOfPage":{"@id":"https:\/\/www.alcateiatrekking.com.br\/roteiro\/chapada-dos-veadeiros\/#primaryimage"},"image":{"@id":"https:\/\/www.alcateiatrekking.com.br\/roteiro\/chapada-dos-veadeiros\/#primaryimage"},"thumbnailUrl":"https:\/\/www.alcateiatrekking.com.br\/wp-content\/uploads\/2025\/11\/IMG_8319.webp","datePublished":"2025-11-26T12:55:19+00:00","dateModified":"2026-04-06T14:58:46+00:00","description":"Uma experiência intensa e inesquecível: diversas cachoeiras, mirantes impressionantes e contato direto com a natureza. Vá de coração aberto para viver dias incríveis nesse paraíso do cerrado.","breadcrumb":{"@id":"https:\/\/www.alcateiatrekking.com.br\/roteiro\/chapada-dos-veadeiros\/#breadcrumb"},"inLanguage":"pt-BR","potentialAction":[{"@type":"ReadAction","target":["https:\/\/www.alcateiatrekking.com.br\/roteiro\/chapada-dos-veadeiros\/"]}]},{"@type":"ImageObject","inLanguage":"pt-BR","@id":"https:\/\/www.alcateiatrekking.com.br\/roteiro\/chapada-dos-veadeiros\/#primaryimage","url":"https:\/\/www.alcateiatrekking.com.br\/wp-content\/uploads\/2025\/11\/IMG_8319.webp","contentUrl":"https:\/\/www.alcateiatrekking.com.br\/wp-content\/uploads\/2025\/11\/IMG_8319.webp","width":685,"height":913},{"@type":"BreadcrumbList","@id":"https:\/\/www.alcateiatrekking.com.br\/roteiro\/chapada-dos-veadeiros\/#breadcrumb","itemListElement":[{"@type":"ListItem","position":1,"name":"Início","item":"https:\/\/www.alcateiatrekking.com.br\/"},{"@type":"ListItem","position":2,"name":"Roteiros","item":"https:\/\/www.alcateiatrekking.com.br\/roteiros\/"},{"@type":"ListItem","position":3,"name":"Chapada dos Veadeiros"}]},{"@type":"WebSite","@id":"https:\/\/www.alcateiatrekking.com.br\/#website","url":"https:\/\/www.alcateiatrekking.com.br\/","name":"Alcateia Trekking","description":"Ecoturismo, Trilhas , Cachoeiras em BH \/ Minas Gerais","publisher":{"@id":"https:\/\/www.alcateiatrekking.com.br\/#organization"},"alternateName":"Alcateia Trekking \/ Belo Horizonte","potentialAction":[{"@type":"SearchAction","target":{"@type":"EntryPoint","urlTemplate":"https:\/\/www.alcateiatrekking.com.br\/?s={search_term_string}"},"query-input":{"@type":"PropertyValueSpecification","valueRequired":true,"valueName":"search_term_string"}}],"inLanguage":"pt-BR"},{"@type":"Organization","@id":"https:\/\/www.alcateiatrekking.com.br\/#organization","name":"Alcateia Trekking","url":"https:\/\/www.alcateiatrekking.com.br\/","logo":{"@type":"ImageObject","inLanguage":"pt-BR","@id":"https:\/\/www.alcateiatrekking.com.br\/#\/schema\/logo\/image\/","url":"https:\/\/www.alcateiatrekking.com.br\/wp-content\/uploads\/2023\/11\/logo-alcateia-trekking.svg","contentUrl":"https:\/\/www.alcateiatrekking.com.br\/wp-content\/uploads\/2023\/11\/logo-alcateia-trekking.svg","width":623,"height":504,"caption":"Alcateia Trekking"},"image":{"@id":"https:\/\/www.alcateiatrekking.com.br\/#\/schema\/logo\/image\/"},"sameAs":["https:\/\/www.instagram.com\/alcateia_trekking\/"]}]}</script>
<!-- / Yoast SEO plugin. -->

Uma experiência intensa e inesquecível: diversas cachoeiras, mirantes impressionantes e contato direto com a natureza. Vá de coração aberto para viver dias incríveis nesse paraíso do cerrado.

Início
